Clevedon Weather

Personal Weather Station

Live Weather conditions from Clevedon, North Somerset, UK


                  MONTHLY CLIMATOLOGICAL SUMMARY FOR 7/2018
                                        HEAT  COOL        
     MEAN                               DEG   DEG       WIND SPEED       DOM MEAN  MEAN
DAY  TEMP  HIGH   TIME     LOW   TIME   DAYS  DAYS RAIN AVG  HI  TIME    DIR BAROM HUM
---------------------------------------------------------------------------------------
1    20.7  26.2    14:43  16.4     5:40    0    6   2.0   2  17     3:46 ENE1013.2   71
2    23.9  29.5    13:41  18.3     5:52    0    9   0.0   4  20    16:44 ENE1015.0   52
3    21.8  28.3    15:08  14.5     5:25    0    7   0.0   3  23    11:17   E1016.4   50
4    19.0  23.6    13:10  16.5     6:13    0    4   1.0   1  12    10:58 ENE1014.9   74
5    20.7  26.3    16:07  15.9     5:42    0    6   0.0   1  16    17:30 WNW1016.0   79
6    20.7  25.7    16:31  15.9     5:45    0    6   0.0   1  13    15:38   W1021.5   75
7    21.4  27.8    16:42  15.2     5:45    0    6   0.0   2  14    12:36 WNW1024.1   74
8    23.2  30.1    14:31  16.7     4:47    0    8   0.0   1  13    16:46 WNW1025.7   68
9    24.1  30.0    15:11  18.9     6:11    0    9   0.0   1  13    15:35 WNW1025.1   62
10   21.4  25.6    15:40  16.7     5:53    0    6   0.0   2  15    16:34 ENE1023.4   61
11   21.4  24.6    18:05  15.7     5:23    0    6   0.0   2  16    14:22 WNW1021.2   60
12   20.5  25.1    17:05  17.2     9:34    0    5   0.0   1  11    17:09 WNW1020.8   71
13   20.3  25.8    16:21  16.4     5:24    0    5   0.0   1  13    16:01 WNW1021.2   78
14   20.2  25.6    17:04  14.9     5:52    0    5   0.0   1  15    19:15 WNW1019.9   71
15   21.2  26.2    14:54  14.8     5:49    0    6   0.0   2  19    17:44 WNW1016.4   68
16   19.9  25.3    12:51  16.8     4:37    0    5   0.0   3  24    18:03 WNW1014.0   73
17   19.2  22.3    14:56  15.8     6:37    0    4   0.0   2  15     0:16 WNW1016.0   69
18   19.6  23.5    17:19  15.3     2:53    0    5   0.0   2  15    11:54 WNW1017.9   69
19   19.7  24.7    15:11  13.8     5:03    0    5   0.0   2  14    16:57 WNW1018.3   68
20   19.7  24.3    13:52  15.6     4:27    0    5   1.0   2  19    15:54 WNW1014.6   69
21   20.2  25.2    14:47  15.1     6:02    0    5   0.0   1  14    16:05 WNW1014.1   76
22   22.0  26.1    15:12  18.3     6:02    0    6   0.0   1  15    15:56   W1016.0   68
---------------------------------------------------------------------------------------
TOT  20.9  30.1   8/7/18  13.8  19/7/18    0  130   4.0   2  23   3/7/18 WNW1018.5   68

HEAT BASE: 15.0
COOL BASE: 15.0

June 2018 Return to July 2018 No Newer Records

Never base important decisions on this or any weather information obtained from the Internet.

Valid HTML 4.01 Transitional UK - WEATHER STATION TOPSITES - UK
Home | Weather Related Links | Detailed Weather Summary | Daily Reports | Live Weather Cam | WeatherCam 24hr Movie
Meteorologica Maps | Weather Forecasts | Live Weather | About my Personal Weather Station | My Photos
Traffic Information
Contact Webmaster
Last modified: October 12 2017 20:19:08.