Clevedon Weather

Personal Weather Station

Live Weather conditions from Clevedon, North Somerset, UK


                  MONTHLY CLIMATOLOGICAL SUMMARY FOR 8/2017
                                        HEAT  COOL        
     MEAN                               DEG   DEG       WIND SPEED       DOM MEAN  MEAN
DAY  TEMP  HIGH   TIME     LOW   TIME   DAYS  DAYS RAIN AVG  HI  TIME    DIR BAROM HUM
---------------------------------------------------------------------------------------
1    16.3  21.2    15:49  12.1     5:41    1    2   1.2   2  18    16:02  SW1013.6   82
2    17.2  19.9    17:26  14.4     1:07    0    2   1.4   2  24     8:38  SW1008.5   91
3    17.2  19.7    12:08  15.6    23:10    0    2   1.8   6  30    16:09  SW1006.1   84
4    17.6  21.0    16:48  15.5     6:16    0    3   0.6   4  19     1:04 WSW1011.3   82
5    17.2  20.7    14:43  15.2     6:54    0    2   0.8   4  25    12:46 WNW1017.6   74
6    17.1  20.9    15:28  12.3     4:30    0    2   0.0   2  18    15:41 WNW1021.5   75
7    17.0  19.6    15:27  15.0     5:25    0    2   3.6   1  14    19:47  SW1016.8   83
8    15.5  19.2    16:15  13.2     6:39    0    1   3.0   1  16    17:05 WNW1012.5   83
9    15.8  20.4    15:29  13.2     6:08    1    1   3.0   2  15     5:34 NNE1017.7   81
10   17.0  21.1    12:47  13.5     3:55    0    2   0.0   3  17    16:54 WNW1024.5   75
11   16.1  18.6    16:37  10.2     5:54    1    2   0.8   2  18    10:37  SW1019.2   85
12   17.6  20.7    15:38  15.1    23:58    0    3   0.0   4  22    16:46 WNW1016.9   81
13   16.0  20.9    16:35   9.7     6:09    1    2   0.0   1  12    13:21 WNW1020.9   76
14   16.0  20.8    15:03  12.2     2:43    1    2   4.6   1  14    15:58  SW1016.1   87
15   17.4  21.1    15:07  13.7     3:12    0    3   0.2   2  18    15:47 WNW1015.6   81
16   16.7  21.9    15:04  11.9     5:01    1    2   0.6   2  16    15:27  SW1017.3   79
17   18.7  22.2    15:28  16.1     0:00    0    4   1.6   3  22    11:46 WNW1010.4   84
18   15.5  16.6     4:23  14.3     1:24    0    0   0.6   3  22     4:30 WNW1009.5   88
---------------------------------------------------------------------------------------
TOT  16.8  22.2  17/8/17   9.7  13/8/17    6   37  23.8   2  29   3/8/17 WNW1015.6   81

HEAT BASE: 15.0
COOL BASE: 15.0

July 2017 Return to August 2017 No Newer Records

Never base important decisions on this or any weather information obtained from the Internet.

Valid HTML 4.01 Transitional UK - WEATHER STATION TOPSITES - UK
Home | Weather Related Links | Detailed Weather Summary | Daily Reports | Live Weather Cam | WeatherCam 24hr Movie
Meteorologica Maps | Weather Forecasts | Live Weather | About my Personal Weather Station | My Photos
Traffic Information
Contact Webmaster
Last modified: May 10 2014 14:52:54.