Clevedon Weather

Personal Weather Station

Live Weather conditions from Clevedon, North Somerset, UK


                  MONTHLY CLIMATOLOGICAL SUMMARY FOR 6/2019
                                        HEAT  COOL        
     MEAN                               DEG   DEG       WIND SPEED       DOM MEAN  MEAN
DAY  TEMP  HIGH   TIME     LOW   TIME   DAYS  DAYS RAIN AVG  HI  TIME    DIR BAROM HUM
---------------------------------------------------------------------------------------
1    18.7  25.8    15:53  11.4     5:06    1    4   0.0   1  14    17:55  SW1018.0   71
2    16.5  18.3     3:16  14.2    23:48    0    2   2.2   2  25    16:49 WSW1009.1   80
3    15.0  17.9    14:27  12.2    23:58    1    1   0.0   2  21     2:52 WSW1011.8   74
4    14.1  17.7    13:00  11.8     5:09    1    0   4.0   1  16    21:50   E1004.4   85
5    14.1  17.2    14:38  11.2     6:14    1    0   0.4   3  19    10:46 WSW1005.3   73
6    13.6  17.7    17:50   9.1     5:30    2    0   5.8   1  17    17:32  SW1008.8   72
7    12.9  17.2    16:31  11.2     4:50    2    0  16.8   2  18    11:51 ENE1001.4   87
8    14.0  16.3    15:12  11.9     2:53    1    0   0.6   7  33     4:19   W1012.0   78
9    13.3  17.1    13:26   9.0     5:01    2    0   1.0   1  13     0:03  SW1019.8   78
10   12.5  18.1    13:08   8.1     4:21    3    0   7.0   1  17    20:53 NNE1016.1   82
11   11.0  11.7     9:27  10.2    23:48    4    0   4.6   6  27     6:51  NE1013.5   89
12   12.3  15.9    15:58  10.1     2:46    3    0   1.6   1  16     0:36  NE1010.3   86
13   13.2  15.9    14:40  11.6     6:14    2    0  10.4   3  19    14:22  SW1004.4   91
14   13.4  16.2    16:50  11.4     3:39    2    0  11.0   1  16    17:57 WNW1007.9   91
15   13.9  16.8    15:42  11.7     3:51    1    0   2.0   1  18    14:12 WNW1010.7   82
16   14.7  18.6    12:50  10.7     2:10    1    1   4.0   2  19    13:52  SW1014.3   86
17   16.8  20.4    12:29  13.9     4:21    0    2   0.0   2  18    14:04  SW1015.8   78
18   13.1  15.1     0:00  11.9     5:27    1    0   0.0   0   4     2:09 WNW1015.0   90
---------------------------------------------------------------------------------------
TOT  14.1  25.8   1/6/19   8.1  10/6/19   28   12  71.4   2  32   8/6/19  SW1010.9   82

HEAT BASE: 15.0
COOL BASE: 15.0

May 2019 Return to June 2019 No Newer Records

Never base important decisions on this or any weather information obtained from the Internet.

Valid HTML 4.01 Transitional UK - WEATHER STATION TOPSITES - UK
Home | Weather Related Links | Detailed Weather Summary | Daily Reports | Live Weather Cam | WeatherCam 24hr Movie
Meteorologica Maps | Weather Forecasts | Live Weather | About my Personal Weather Station | My Photos
Traffic Information
Contact Webmaster
Last modified: October 12 2017 20:19:08.