Clevedon Weather

Personal Weather Station

Live Weather conditions from Clevedon, North Somerset, UK


                  MONTHLY CLIMATOLOGICAL SUMMARY FOR 1/2018
                                        HEAT  COOL        
     MEAN                               DEG   DEG       WIND SPEED       DOM MEAN  MEAN
DAY  TEMP  HIGH   TIME     LOW   TIME   DAYS  DAYS RAIN AVG  HI  TIME    DIR BAROM HUM
---------------------------------------------------------------------------------------
1     7.6   9.2    15:15   5.6     6:19    7    0   3.8   6  34     1:58 WNW1000.5   85
2     8.7  12.7    21:19   4.4     3:46    6    0   7.4   4  31    22:06 WSW1003.5   91
3     9.5  10.4    11:27   7.9    23:59    5    0   0.0  12  42     4:30   W 998.9   78
4     8.7  11.6     9:32   5.3    23:52    6    0   5.0   6  38    12:48 WSW 994.6   88
5     5.7   8.0     2:08   1.9    23:58    9    0   0.4   3  28     9:23 WSW 994.2   89
6     3.3   5.7    15:26   1.1     7:32   12    0   0.2   3  23    23:51 ENE1010.8   92
7     2.9   5.3    14:04   1.0    23:55   12    0   0.0   7  23     0:00 ENE1025.3   81
8     2.9   4.3    22:58   0.9     1:01   12    0   0.0   5  19     0:04 ENE1020.5   89
9     5.9   9.8    21:30   3.6     6:16    9    0   1.2   3  15    21:10   E1005.2   94
10    6.8   9.5     0:00   3.2    23:21    8    0   2.0   0   8     0:00   W1004.6   93
11    3.7   7.2    15:24   0.2    23:57   11    0   0.2   1  12     5:27 ENE1019.5   95
12    3.7   7.2    21:12   0.1     0:16   11    0   0.0   1  16    21:42  NE1024.2   95
13    7.0   8.3    13:06   5.7    23:23    8    0   0.2   4  20    10:24 ESE1016.9   85
14    5.1   7.5    23:56   3.6     4:47   10    0   0.0   2  14    20:22   E1017.0   86
15    8.7  10.3    10:00   7.3    23:59    6    0   7.0   6  29    13:40 WSW 998.2   91
16    6.0   7.9     1:52   3.9    20:39    9    0   2.8  10  37     3:13 WNW 996.7   82
17    4.7   4.9     0:57   4.5     0:00    1    0   0.0  14  34     0:55 WNW 998.9   78
---------------------------------------------------------------------------------------
TOT   6.0  12.7   2/1/18   0.1  12/1/18  144    0  30.2   5  41   3/1/18   W1008.1   88

HEAT BASE: 15.0
COOL BASE: 15.0

December 2017 Return to January 2018 No Newer Records

Never base important decisions on this or any weather information obtained from the Internet.

Valid HTML 4.01 Transitional UK - WEATHER STATION TOPSITES - UK
Home | Weather Related Links | Detailed Weather Summary | Daily Reports | Live Weather Cam | WeatherCam 24hr Movie
Meteorologica Maps | Weather Forecasts | Live Weather | About my Personal Weather Station | My Photos
Traffic Information
Contact Webmaster
Last modified: October 12 2017 20:19:08.