Clevedon Weather

Personal Weather Station

Live Weather conditions from Clevedon, North Somerset, UK


                  MONTHLY CLIMATOLOGICAL SUMMARY FOR 5/2018
                                        HEAT  COOL        
     MEAN                               DEG   DEG       WIND SPEED       DOM MEAN  MEAN
DAY  TEMP  HIGH   TIME     LOW   TIME   DAYS  DAYS RAIN AVG  HI  TIME    DIR BAROM HUM
---------------------------------------------------------------------------------------
1    10.0  14.7    12:54   4.1     4:58    5    0   0.4   3  21     0:59  SW1008.4   74
2    11.0  14.3    16:31   8.8     1:13    4    0   8.0   6  23    12:13 WNW1005.1   82
3    11.3  15.2    15:40   6.6     6:25    4    0   0.0   2  16    19:15 WNW1019.0   78
4    13.2  17.3    15:42  10.2     1:55    2    0   0.0   1  11    15:44   W1023.2   82
5    14.2  20.7    16:29   8.1     5:55    2    1   0.0   1  11    12:39 WNW1025.0   79
6    14.6  22.7    20:18   7.9     7:07    2    2   0.0   1  11    16:28 WNW1022.0   77
7    16.0  24.1    16:27  10.2     5:35    1    2   0.0   1  12    17:41 WNW1017.0   76
8    12.0  15.6    13:10  10.1     4:40    3    0   0.0   3  19    16:33  SW1011.5   88
9    12.4  15.4    11:31   8.8     1:48    3    0   0.6   2  19    13:27 WNW1009.5   82
10   12.0  15.2    14:25   8.6    23:57    3    0   0.0   3  22    11:52 WNW1015.6   72
11   11.6  15.6    15:54   7.2     4:56    3    0   1.0   2  16     8:55  SE1013.0   79
12   10.6  14.1    17:38   5.6     4:08    4    0   0.0   1  12    13:52 WNW1012.7   74
13   11.9  16.8    15:48   5.8     5:55    3    0   0.0   2  18    17:30 WNW1015.6   74
14   12.4  17.9    15:45   5.7     5:57    3    1   0.0   1  13    12:58 WNW1021.8   78
15   13.1  19.4    14:27   6.6     6:01    3    1   0.0   1  16    23:26 WSW1022.0   84
16   14.7  16.9    13:27  11.3    23:52    1    0   0.0   3  21    12:58 ENE1025.6   74
17   13.1  18.7    16:39   7.4     5:30    3    1   0.0   3  18    12:20 ENE1027.3   63
18   12.8  18.1    17:08   6.9     5:46    3    0   0.0   1  13    11:21 WNW1025.4   69
19   14.5  20.6    19:27   7.9     5:36    2    2   0.0   2  13    16:03 WNW1023.3   72
20   15.9  21.6    16:45   9.2     5:29    1    2   0.0   1  12    15:27 WNW1020.8   66
21   17.4  24.6    15:54  10.5     5:41    1    3   5.8   1  13    12:37 WNW1016.5   71
22   18.0  23.2    15:51  12.3     5:42    0    3   0.0   2  15    10:08 ENE1017.7   67
23   16.5  22.1    16:42  11.5     4:55    1    2   0.0   4  22    19:09 ENE1022.8   69
24   13.3  16.7     0:00  11.2     7:03    2    0   2.6   2  16     7:05 ENE1020.7   85
25   14.1  15.2    15:56  13.1     3:36    1    0   3.2   0   8     8:26   N1018.5   94
26   16.1  23.1    17:09  14.0     4:00    0    1   0.4   3  22    14:32 ENE1019.0   91
---------------------------------------------------------------------------------------
TOT  13.5  24.6  21/5/18   4.1   1/5/18   61   23  22.0   2  23   2/5/18 WNW1018.4   77

HEAT BASE: 15.0
COOL BASE: 15.0

April 2018 Return to May 2018 No Newer Records

Never base important decisions on this or any weather information obtained from the Internet.

Valid HTML 4.01 Transitional UK - WEATHER STATION TOPSITES - UK
Home | Weather Related Links | Detailed Weather Summary | Daily Reports | Live Weather Cam | WeatherCam 24hr Movie
Meteorologica Maps | Weather Forecasts | Live Weather | About my Personal Weather Station | My Photos
Traffic Information
Contact Webmaster
Last modified: October 12 2017 20:19:08.