Clevedon Weather
Personal Weather Station
Live Weather conditions from Clevedon, North Somerset, UK
|
|
MONTHLY CLIMATOLOGICAL SUMMARY FOR 6/2017
HEAT COOL
MEAN DEG DEG WIND SPEED DOM MEAN MEAN
DAY TEMP HIGH TIME LOW TIME DAYS DAYS RAIN AVG HI TIME DIR BAROM HUM
---------------------------------------------------------------------------------------
1 18.1 24.5 14:58 12.0 5:19 1 4 0.0 1 15 15:40 SW1019.8 77
2 16.1 19.3 15:43 12.6 5:38 0 1 0.8 1 13 23:59 WNW1016.2 86
3 15.4 19.3 14:14 11.8 5:30 1 1 0.0 4 20 15:22 WNW1015.6 72
4 14.4 17.7 16:21 11.1 5:58 1 0 2.0 2 19 18:37 WNW1015.5 79
5 13.3 15.2 14:31 10.7 1:52 2 0 12.4 3 24 18:41 SW1003.4 91
6 13.8 16.1 17:16 11.9 3:52 1 0 0.0 11 41 2:02 WNW 998.0 79
7 14.6 18.2 14:38 12.1 5:35 1 1 1.2 6 30 1:20 WNW1011.7 78
8 15.4 20.1 15:39 13.5 4:26 0 1 5.6 3 26 15:17 SW1007.5 89
9 15.2 18.7 14:35 11.6 4:34 1 1 0.0 4 22 15:07 WNW1010.7 82
10 17.3 21.4 16:21 13.8 1:12 0 2 0.2 3 23 10:28 SW1013.9 85
11 16.5 20.3 12:33 14.1 5:19 0 2 0.0 5 26 17:05 SW1013.7 79
12 15.8 18.5 14:38 13.7 23:46 0 1 0.0 5 28 4:23 WNW1018.0 76
13 16.9 21.7 15:37 13.7 0:00 0 2 0.0 2 12 10:23 WNW1019.7 78
14 19.5 26.6 14:36 12.2 4:40 1 5 0.0 1 19 14:57 SW1016.0 71
15 16.5 19.3 14:28 12.8 5:27 0 2 0.0 3 22 20:22 W1015.8 79
16 17.2 20.7 16:49 14.7 2:03 0 2 0.0 3 20 13:49 WNW1024.8 80
17 19.0 24.8 15:44 14.8 4:54 0 4 0.0 2 15 16:57 WSW1027.3 76
18 21.4 29.8 19:29 14.1 4:54 0 6 0.0 1 12 15:13 WNW1023.3 70
19 24.5 29.7 18:46 18.2 5:20 0 9 0.0 2 11 12:46 WNW1018.6 67
20 25.0 31.4 16:41 19.1 6:01 0 10 0.0 2 14 21:26 ENE1016.8 68
21 24.4 32.0 14:47 18.9 6:01 0 9 0.0 2 13 6:53 ENE1013.3 73
22 18.3 21.2 13:47 15.8 23:57 0 3 0.0 5 25 12:40 WNW1013.1 82
23 17.6 20.4 15:35 15.6 4:18 0 3 0.2 5 24 17:35 W1016.4 79
24 17.4 20.2 13:02 15.8 21:58 0 2 0.6 4 23 19:34 WNW1014.2 87
25 17.5 20.7 16:20 15.6 5:47 0 2 0.0 5 25 10:55 WNW1013.1 82
26 18.0 21.9 12:31 13.1 5:24 0 3 0.0 1 11 15:55 WNW1013.4 72
27 17.8 20.3 14:18 15.8 6:40 0 3 1.0 0 7 5:51 E1006.0 77
28 15.8 17.1 0:00 14.2 23:49 0 1 3.8 2 13 14:12 ENE 998.1 92
29 14.5 17.2 15:41 12.3 5:25 1 0 3.8 1 10 2:32 WNW 997.0 83
30 16.5 19.2 14:34 13.6 1:31 0 2 1.0 2 13 17:01 NW1005.5 80
---------------------------------------------------------------------------------------
TOT 17.5 32.0 21/6/17 10.7 5/6/17 11 85 32.6 3 41 6/6/17 WNW1013.2 79
HEAT BASE: 15.0
COOL BASE: 15.0
|
Never base important decisions on this or any weather information obtained from the Internet.
Last modified: January 03 2024 15:31:24.