Clevedon Weather
Personal Weather Station
Live Weather conditions from Clevedon, North Somerset, UK
|
|
MONTHLY CLIMATOLOGICAL SUMMARY FOR 8/2017
HEAT COOL
MEAN DEG DEG WIND SPEED DOM MEAN MEAN
DAY TEMP HIGH TIME LOW TIME DAYS DAYS RAIN AVG HI TIME DIR BAROM HUM
---------------------------------------------------------------------------------------
1 16.3 21.2 15:49 12.1 5:41 1 2 1.2 2 18 16:02 SW1013.6 82
2 17.2 19.9 17:26 14.4 1:07 0 2 1.4 2 24 8:38 SW1008.5 91
3 17.2 19.7 12:08 15.6 23:10 0 2 1.8 6 30 16:09 SW1006.1 84
4 17.6 21.0 16:48 15.5 6:16 0 3 0.6 4 19 1:04 WSW1011.3 82
5 17.2 20.7 14:43 15.2 6:54 0 2 0.8 4 25 12:46 WNW1017.6 74
6 17.1 20.9 15:28 12.3 4:30 0 2 0.0 2 18 15:41 WNW1021.5 75
7 17.0 19.6 15:27 15.0 5:25 0 2 3.6 1 14 19:47 SW1016.8 83
8 15.5 19.2 16:15 13.2 6:39 0 1 3.0 1 16 17:05 WNW1012.5 83
9 15.8 20.4 15:29 13.2 6:08 1 1 3.0 2 15 5:34 NNE1017.7 81
10 17.0 21.1 12:47 13.5 3:55 0 2 0.0 3 17 16:54 WNW1024.5 75
11 16.1 18.6 16:37 10.2 5:54 1 2 0.8 2 18 10:37 SW1019.2 85
12 17.6 20.7 15:38 15.1 23:58 0 3 0.0 4 22 16:46 WNW1016.9 81
13 16.0 20.9 16:35 9.7 6:09 1 2 0.0 1 12 13:21 WNW1020.9 76
14 16.0 20.8 15:03 12.2 2:43 1 2 4.6 1 14 15:58 SW1016.1 87
15 17.4 21.1 15:07 13.7 3:12 0 3 0.2 2 18 15:47 WNW1015.6 81
16 16.7 21.9 15:04 11.9 5:01 1 2 0.6 2 16 15:27 SW1017.3 79
17 18.7 22.2 15:28 16.1 0:00 0 4 1.6 3 22 11:46 WNW1010.4 84
18 16.4 18.6 11:27 14.3 1:24 0 1 1.0 5 33 23:06 WNW1010.7 79
19 16.7 19.4 15:21 14.2 6:08 0 2 0.0 8 25 0:36 WNW1018.1 73
20 16.2 19.1 12:55 14.4 7:57 0 1 1.6 2 16 17:50 WNW1022.2 84
21 18.6 22.7 16:51 15.8 2:43 0 4 1.0 1 14 12:58 WNW1020.3 91
22 19.6 24.2 16:50 15.1 6:13 0 5 0.0 2 14 14:43 ESE1017.0 86
23 18.3 20.9 14:25 16.6 23:27 0 3 0.0 3 19 7:52 WNW1013.9 83
24 17.3 20.3 13:59 14.9 3:57 0 2 2.0 2 17 14:20 WNW1016.7 80
25 16.9 21.5 16:06 11.7 6:38 1 3 0.0 1 12 13:29 WNW1017.0 81
26 18.1 23.1 15:24 15.0 1:25 0 3 0.0 1 11 11:52 WNW1016.7 82
27 19.9 25.1 13:43 14.9 6:12 0 5 0.0 1 11 15:15 WNW1018.2 72
28 18.7 24.4 16:27 14.1 6:13 0 4 0.0 1 11 13:12 WNW1017.3 82
29 18.2 21.7 13:37 15.0 23:39 0 3 0.0 2 18 3:21 WNW1014.2 81
30 14.8 17.5 14:43 13.2 7:53 1 0 5.4 1 19 20:20 WNW1014.1 80
31 15.4 19.6 15:32 10.9 6:48 1 2 1.2 2 16 14:35 WNW1017.0 79
---------------------------------------------------------------------------------------
TOT 17.1 25.1 27/8/17 9.7 13/8/17 8 75 35.4 2 33 18/8/17 WNW1016.1 81
HEAT BASE: 15.0
COOL BASE: 15.0
|
Never base important decisions on this or any weather information obtained from the Internet.
Last modified: January 03 2024 15:31:24.