Clevedon Weather
Personal Weather Station
Live Weather conditions from Clevedon, North Somerset, UK
|
|
MONTHLY CLIMATOLOGICAL SUMMARY FOR 7/2017
HEAT COOL
MEAN DEG DEG WIND SPEED DOM MEAN MEAN
DAY TEMP HIGH TIME LOW TIME DAYS DAYS RAIN AVG HI TIME DIR BAROM HUM
---------------------------------------------------------------------------------------
1 17.2 19.9 15:21 15.3 6:07 0 2 0.0 4 23 18:19 WNW1017.3 79
2 18.0 21.7 16:07 15.1 5:34 0 3 0.0 3 16 22:17 WNW1021.7 73
3 17.7 20.8 16:45 15.2 7:45 0 3 0.8 4 20 14:07 WNW1021.1 83
4 18.6 22.3 16:35 15.9 23:59 0 4 0.6 1 15 15:10 WNW1020.2 80
5 20.4 26.4 18:43 13.1 5:43 0 6 0.0 1 14 11:45 WNW1018.1 71
6 21.1 26.1 14:39 16.4 4:12 0 6 0.0 2 14 14:13 WNW1014.6 75
7 19.1 22.7 15:17 16.2 4:52 0 4 0.0 3 18 14:45 WNW1017.3 82
8 17.6 17.9 0:14 17.4 1:47 0 0 0.0 4 19 0:05 WNW1022.7 95
9 20.5 24.8 15:20 17.0 5:40 0 5 0.0 2 17 22:20 WNW1012.9 76
10 18.2 21.1 13:10 16.1 5:40 0 3 0.0 4 19 14:30 WNW1009.9 77
11 16.2 18.8 12:00 14.8 5:20 0 1 11.6 1 12 14:50 SW1007.8 89
12 17.5 22.8 19:40 13.9 7:00 0 3 1.8 2 17 5:40 ENE1015.5 75
13 18.3 22.7 15:40 14.4 5:00 0 3 0.0 2 17 20:40 WNW1021.1 74
14 17.8 21.0 16:30 15.6 7:30 0 3 0.0 5 23 19:40 WNW1021.0 72
15 17.6 19.2 14:40 16.3 0:00 0 2 0.4 3 17 20:20 WNW1022.1 88
16 19.6 22.1 14:01 17.4 1:47 0 4 0.0 3 20 0:05 W1023.3 88
17 20.2 24.9 15:47 13.6 5:53 0 5 0.0 1 12 2:35 ENE1023.1 59
18 22.9 27.6 13:59 17.7 5:54 0 8 0.0 3 18 11:34 E1014.3 60
19 19.6 21.6 16:05 17.3 5:57 0 5 2.0 2 18 18:48 WNW1004.5 87
20 17.3 19.9 14:39 14.8 7:17 0 2 3.4 5 24 5:19 WNW1007.8 73
21 15.7 18.9 12:39 12.2 23:58 0 1 14.8 3 23 12:22 SW1004.2 88
22 15.0 18.8 11:47 11.1 5:33 1 1 0.0 1 13 11:50 SW1006.2 84
23 15.4 19.4 13:43 12.1 6:08 1 1 15.0 2 21 15:08 WNW1011.8 89
24 19.8 24.7 13:34 15.6 3:16 0 5 0.0 4 19 10:37 WNW1015.5 73
25 19.5 24.9 15:23 13.1 5:31 0 5 0.0 1 14 21:44 WNW1015.7 78
26 17.6 20.2 13:21 15.2 2:49 0 3 3.8 4 30 22:25 SW1006.8 88
27 16.7 19.6 16:04 14.1 6:12 0 2 4.8 4 29 13:00 SW1006.2 81
28 17.2 19.1 9:16 14.9 5:00 0 2 1.4 5 25 23:39 SW1006.5 83
29 16.6 19.4 12:15 14.3 23:58 0 2 5.4 2 24 0:00 SW1006.9 83
30 15.9 19.1 18:26 13.9 5:41 0 1 3.0 2 17 19:27 SW1005.5 86
31 16.0 19.9 11:41 12.5 5:57 0 2 0.8 2 21 12:17 SW1010.4 84
---------------------------------------------------------------------------------------
TOT 18.2 27.6 18/7/17 11.1 22/7/17 4 97 69.6 3 29 26/7/17 WNW1013.8 79
HEAT BASE: 15.0
COOL BASE: 15.0
|
Never base important decisions on this or any weather information obtained from the Internet.
Last modified: January 03 2024 15:31:24.