Clevedon Weather
Personal Weather Station
Live Weather conditions from Clevedon, North Somerset, UK
|
|
MONTHLY CLIMATOLOGICAL SUMMARY FOR 9/2017
HEAT COOL
MEAN DEG DEG WIND SPEED DOM MEAN MEAN
DAY TEMP HIGH TIME LOW TIME DAYS DAYS RAIN AVG HI TIME DIR BAROM HUM
---------------------------------------------------------------------------------------
1 15.7 20.7 14:17 9.6 6:38 1 2 0.0 1 14 14:28 WNW1022.4 74
2 15.3 20.3 16:19 8.8 6:49 1 2 0.0 1 11 14:02 WNW1021.9 72
3 15.0 16.9 17:03 13.1 8:24 1 1 5.6 3 19 15:01 SE1009.8 90
4 18.1 20.1 14:54 16.5 23:19 0 3 0.8 1 16 12:52 WNW1010.7 93
5 17.9 20.8 12:00 16.2 22:28 0 3 1.4 3 25 18:47 WNW1013.0 88
6 16.8 19.4 15:42 15.7 6:40 0 2 0.0 6 22 9:33 WNW1019.5 73
7 16.4 19.6 12:45 13.7 3:41 0 2 1.8 3 20 20:47 WSW1013.6 84
8 16.4 19.2 14:52 14.6 23:54 0 1 12.2 5 24 0:07 WNW1000.0 86
9 15.2 18.2 15:48 12.9 6:43 1 1 1.8 6 22 17:07 WNW 998.9 79
10 13.7 17.2 15:56 9.3 4:17 2 0 1.0 4 35 19:13 SW 998.0 87
11 15.5 17.9 15:35 14.0 0:07 0 1 2.6 11 33 7:49 WNW 994.8 80
12 14.9 18.7 14:36 12.3 6:58 1 1 4.0 5 32 22:38 WNW1003.6 80
13 14.4 17.3 15:16 10.6 22:37 1 0 6.4 8 41 4:00 WNW 999.9 77
14 13.4 17.1 15:30 10.8 3:18 2 0 0.2 8 30 15:42 WNW1010.0 78
15 13.0 16.6 12:29 10.3 7:19 2 0 2.6 2 15 0:44 WNW1014.0 82
16 11.3 15.8 13:10 6.5 6:45 4 0 7.8 0 14 17:00 NW1012.4 87
17 12.5 16.9 15:44 8.6 7:22 3 0 0.2 1 12 11:29 NE1014.6 85
18 12.6 16.7 14:38 7.8 6:17 3 0 0.8 1 20 16:33 WNW1018.8 87
19 13.8 18.7 15:03 8.1 7:01 2 1 0.0 1 13 15:20 WNW1021.3 81
20 14.6 19.8 13:41 10.7 1:52 1 1 2.8 2 18 12:45 SW1017.2 88
21 14.9 17.7 15:32 9.7 23:59 0 0 2.2 3 21 20:03 WNW1014.2 87
22 13.0 18.7 13:51 7.3 7:03 3 1 0.6 2 19 15:36 SW1019.8 86
23 16.3 20.4 15:02 14.4 0:03 0 1 0.0 1 15 14:31 SW1019.4 81
24 16.2 20.2 15:18 12.8 6:29 0 2 0.2 1 11 16:27 E1017.2 87
25 16.5 18.6 14:29 15.2 23:42 0 2 0.2 1 11 15:00 ENE1019.5 92
26 16.3 19.7 14:53 13.5 6:22 0 1 0.0 0 4 0:02 NE1021.7 88
27 15.9 19.3 11:57 13.8 3:32 0 1 3.2 1 19 15:35 SE1016.7 91
28 15.8 19.2 14:24 12.9 7:49 0 1 0.2 1 13 21:46 WNW1017.0 86
29 15.6 17.5 1:41 11.6 23:49 0 1 5.8 2 20 16:48 WSW1015.2 85
30 14.0 17.4 13:17 11.3 1:34 1 0 1.6 2 16 13:52 SW1014.8 88
---------------------------------------------------------------------------------------
TOT 15.0 20.8 5/9/17 6.5 16/9/17 30 32 66.0 3 41 13/9/17 WNW1013.0 84
HEAT BASE: 15.0
COOL BASE: 15.0
|
Never base important decisions on this or any weather information obtained from the Internet.
Last modified: January 03 2024 15:31:24.