Clevedon Weather
Personal Weather Station
Live Weather conditions from Clevedon, North Somerset, UK
|
|
MONTHLY CLIMATOLOGICAL SUMMARY FOR 3/2018
HEAT COOL
MEAN DEG DEG WIND SPEED DOM MEAN MEAN
DAY TEMP HIGH TIME LOW TIME DAYS DAYS RAIN AVG HI TIME DIR BAROM HUM
---------------------------------------------------------------------------------------
1 -2.9 -1.6 23:29 -4.3 0:00 18 0 0.0 9 30 12:22 ENE 999.1 85
2 -2.0 -0.2 23:55 -4.3 0:00 34 0 0.0 10 32 1:07 ENE 994.6 87
3 2.5 4.3 11:49 -0.2 0:00 13 0 1.6 5 20 15:04 ENE 989.4 91
4 6.5 10.6 14:50 2.2 1:27 8 0 3.0 2 20 11:18 ENE 986.7 89
5 7.1 10.8 12:52 4.6 0:00 8 0 5.2 3 18 11:16 ESE 985.6 89
6 6.4 9.5 15:57 4.4 7:02 9 0 0.2 1 12 0:13 WSW 987.6 87
7 6.0 8.9 13:58 2.7 4:47 9 0 0.2 2 20 12:26 WSW 994.2 85
8 6.8 9.6 14:22 4.8 6:41 8 0 1.6 5 26 7:42 WSW 996.4 83
9 7.3 11.3 23:22 3.6 4:21 8 0 7.4 2 14 13:21 E 998.6 91
10 11.2 13.4 12:03 6.8 23:37 4 0 3.8 2 18 12:30 WSW 992.3 91
11 9.8 13.7 12:50 6.7 1:20 5 0 3.6 4 22 14:05 E 988.3 91
12 8.6 9.6 13:01 6.2 23:48 6 0 1.2 2 16 18:35 WSW 990.5 92
13 7.6 11.1 15:28 4.9 23:02 7 0 0.0 2 20 12:44 WSW1007.2 82
14 9.8 12.6 13:32 4.9 0:00 5 0 1.6 7 28 20:43 ESE 997.1 79
15 10.5 13.8 14:15 8.5 1:23 4 0 5.2 3 20 0:15 ESE 986.3 85
16 9.5 14.1 15:07 6.7 23:34 6 0 7.0 1 14 14:52 SW 997.1 84
17 2.8 7.6 3:11 -0.5 22:23 12 0 0.2 7 28 15:52 ENE1006.0 80
18 -0.5 0.6 13:36 -1.5 6:25 15 0 0.2 7 29 14:16 ENE1008.6 86
19 2.2 5.3 15:26 -1.0 0:00 13 0 1.4 7 25 15:46 ENE1016.7 70
20 5.8 9.0 14:22 2.5 3:48 9 0 0.0 2 14 0:00 NNE1030.2 74
21 4.6 8.4 12:16 -1.1 5:46 10 0 0.0 3 21 14:16 WSW1031.8 85
22 7.5 8.9 12:02 5.8 2:34 7 0 2.2 3 18 12:43 WSW1019.0 82
23 8.7 11.0 15:53 7.2 23:43 6 0 2.4 4 20 9:10 WSW 998.9 82
24 8.0 10.3 13:55 5.9 6:16 7 0 2.6 2 14 5:26 ENE1000.6 88
25 8.6 12.9 14:47 5.6 23:58 6 0 0.0 1 15 18:35 WSW1011.8 73
26 7.2 12.3 15:14 0.9 6:22 8 0 0.4 1 12 22:48 WSW1017.2 81
27 8.3 10.4 13:38 6.9 23:55 7 0 2.0 4 22 11:49 WSW1007.4 92
28 7.0 9.3 16:01 5.4 23:58 8 0 4.4 3 21 14:58 WNW1004.7 89
29 6.1 8.8 15:56 3.7 4:03 9 0 4.0 1 16 9:03 SE 998.5 88
30 4.7 7.1 15:41 1.9 6:44 10 0 8.6 1 14 14:12 NE 994.6 94
31 6.2 7.9 13:35 4.6 4:57 9 0 3.4 2 16 7:21 NW 999.4 87
---------------------------------------------------------------------------------------
TOT 6.2 14.1 16/3/18 -4.3 1/3/18 290 0 73.4 3 32 2/3/18 ENE1001.0 85
HEAT BASE: 15.0
COOL BASE: 15.0
|
Never base important decisions on this or any weather information obtained from the Internet.
Last modified: January 03 2024 15:31:24.