Clevedon Weather
Personal Weather Station
Live Weather conditions from Clevedon, North Somerset, UK
|
|
MONTHLY CLIMATOLOGICAL SUMMARY FOR 11/2018
HEAT COOL
MEAN DEG DEG WIND SPEED DOM MEAN MEAN
DAY TEMP HIGH TIME LOW TIME DAYS DAYS RAIN AVG HI TIME DIR BAROM HUM
---------------------------------------------------------------------------------------
1 9.0 11.9 12:40 2.8 23:57 6 0 1.0 2 19 15:25 WNW1007.3 82
2 6.0 11.9 14:05 0.2 6:37 9 0 1.0 0 9 14:25 NW1024.1 82
3 11.5 14.4 11:50 7.5 0:00 3 0 0.0 2 22 20:06 SW1019.0 84
4 12.0 13.2 14:32 10.1 21:36 3 0 0.4 1 14 0:13 ESE1007.1 93
5 12.0 14.6 14:53 9.8 7:23 3 0 0.2 0 9 0:42 E1001.9 91
6 13.5 15.9 13:22 9.8 4:08 2 0 0.2 2 23 15:31 SE 995.4 90
7 11.5 13.9 0:00 6.7 23:53 4 0 8.2 4 30 19:38 WSW 994.5 90
8 10.8 13.6 12:52 6.1 1:29 4 0 2.0 2 20 21:43 SE1009.9 85
9 12.1 13.4 12:27 10.7 23:55 3 0 6.0 3 32 17:48 SE 998.7 86
10 10.1 12.1 9:31 8.1 23:20 5 0 2.2 1 19 12:22 SSW 991.5 91
11 10.3 13.8 14:15 6.8 2:03 5 0 2.2 2 17 11:36 SW 997.0 85
12 10.4 14.4 13:21 8.5 3:10 5 0 9.0 2 22 22:15 SW1006.8 87
13 11.2 13.8 14:11 8.6 5:21 4 0 0.4 2 14 7:13 SW1019.3 86
14 12.6 14.7 13:43 10.8 23:52 2 0 0.0 2 21 13:18 SW1019.7 82
15 12.2 14.4 15:36 8.9 6:47 3 0 0.0 1 12 11:53 SE1018.8 90
16 12.9 15.2 13:27 10.2 22:37 2 0 0.0 2 17 20:42 ESE1023.1 91
17 9.4 11.1 14:22 6.9 23:19 6 0 0.0 3 18 23:32 E1025.0 87
18 7.5 10.8 14:31 4.9 7:26 8 0 0.0 4 20 8:11 ENE1025.6 83
19 7.4 10.2 12:34 5.1 2:02 8 0 0.0 4 23 12:18 ENE1020.2 78
20 5.8 7.2 11:55 3.9 23:58 9 0 0.0 4 21 12:32 ENE1009.2 80
21 4.6 7.2 16:37 2.1 8:14 10 0 0.6 1 13 19:41 E1009.9 90
22 3.3 6.3 14:16 -0.2 7:41 12 0 0.2 2 13 18:20 E1016.2 88
23 7.1 9.1 14:53 4.8 0:00 8 0 0.2 3 18 18:30 ENE1011.9 92
24 8.3 9.0 16:07 7.2 23:57 7 0 0.8 3 22 18:20 ENE1009.3 89
25 6.9 8.1 13:39 4.9 22:37 8 0 0.0 3 18 4:20 ENE1010.7 86
26 5.7 8.6 15:24 1.2 23:39 9 0 0.0 0 8 0:00 ENE1014.8 89
27 6.4 11.1 14:20 0.8 0:21 9 0 4.8 3 28 13:44 E1010.0 94
28 12.8 14.9 14:23 8.4 0:00 2 0 2.6 4 24 12:57 SW1003.0 91
29 11.6 14.3 9:10 8.7 23:41 3 0 4.6 5 32 8:57 SW 997.6 88
30 8.9 11.0 13:29 7.4 23:10 6 0 2.4 3 21 13:33 SW1006.1 89
---------------------------------------------------------------------------------------
TOT 9.5 15.9 6/11/18 -0.2 22/11/18 166 0 49.0 2 32 9/11/18 ENE1010.1 87
HEAT BASE: 15.0
COOL BASE: 15.0
|
Never base important decisions on this or any weather information obtained from the Internet.
Last modified: January 03 2024 15:31:24.