Clevedon Weather
Personal Weather Station
Live Weather conditions from Clevedon, North Somerset, UK
|
|
MONTHLY CLIMATOLOGICAL SUMMARY FOR 12/2018
HEAT COOL
MEAN DEG DEG WIND SPEED DOM MEAN MEAN
DAY TEMP HIGH TIME LOW TIME DAYS DAYS RAIN AVG HI TIME DIR BAROM HUM
---------------------------------------------------------------------------------------
1 10.8 13.1 11:30 7.9 0:00 4 0 6.6 2 21 8:37 WSW1000.6 93
2 12.5 13.8 16:12 11.7 22:46 3 0 3.0 6 21 22:58 WSW 997.0 94
3 10.7 12.1 11:02 6.6 23:58 4 0 3.6 5 25 11:10 WSW1001.8 89
4 4.7 6.9 13:37 1.2 7:05 10 0 2.4 1 12 22:00 E1020.2 93
5 10.3 13.0 11:53 5.4 0:00 5 0 7.0 1 18 17:48 WSW1011.7 96
6 11.9 13.1 23:19 10.9 2:44 3 0 2.8 2 17 10:47 SW1013.0 97
7 10.6 13.3 2:11 8.0 19:27 4 0 13.0 9 38 21:58 WNW1003.7 86
8 10.7 12.1 14:07 9.7 5:35 4 0 3.0 12 44 3:26 W1003.2 85
9 10.0 11.2 12:54 7.8 19:49 5 0 2.8 8 39 0:42 WNW1012.4 84
10 8.3 9.3 13:10 7.3 20:44 7 0 0.2 3 20 4:02 WNW1027.6 87
11 8.2 10.8 13:06 4.6 7:16 7 0 0.0 1 13 13:03 SE1022.8 90
12 7.7 9.8 12:41 5.4 21:50 7 0 0.0 4 20 14:30 ESE1018.0 82
13 4.4 6.6 12:30 1.1 23:55 11 0 0.0 4 20 12:13 E1015.0 78
14 2.0 4.6 13:38 -0.2 5:34 13 0 0.0 2 15 13:17 E1020.9 82
15 6.7 10.3 17:10 3.8 1:19 8 0 6.8 6 26 15:22 ESE1006.7 86
16 7.4 9.1 13:42 4.2 8:18 8 0 3.2 2 23 20:17 SW1004.4 91
17 8.1 11.7 22:11 3.7 4:14 7 0 0.2 1 16 23:31 SW1014.6 91
18 9.7 11.9 3:43 6.6 21:50 5 0 9.8 3 24 11:35 WSW1004.2 90
19 7.8 9.3 12:55 5.8 8:42 7 0 2.2 2 17 21:49 SW1002.3 91
20 8.7 10.7 12:58 6.7 0:11 6 0 5.8 3 20 15:47 WSW1004.6 91
21 11.1 11.9 4:11 9.9 0:00 4 0 4.8 7 39 7:10 WSW1001.3 90
22 9.8 10.9 12:45 7.5 22:36 5 0 0.2 4 22 0:17 WSW1016.0 93
23 9.9 11.6 8:43 7.3 23:52 5 0 4.0 3 20 10:00 WSW1017.4 96
24 7.4 8.5 14:19 6.7 6:47 8 0 0.0 1 12 12:01 E1030.9 93
25 9.3 10.6 15:41 7.3 2:09 6 0 0.0 0 7 22:05 E1032.5 95
26 10.1 11.2 11:56 7.9 23:53 5 0 0.2 0 8 11:07 S1029.2 93
27 7.4 9.7 14:34 4.6 9:23 8 0 0.0 0 3 13:02 S1026.3 91
28 8.1 10.3 15:58 4.3 7:22 7 0 0.0 0 7 20:18 S1030.9 94
29 10.4 11.4 12:49 9.7 18:36 5 0 0.0 4 21 10:45 WSW1033.2 94
30 9.6 10.2 13:23 8.8 17:06 5 0 0.0 2 14 12:02 WSW1035.7 97
31 9.7 10.2 10:16 9.1 5:05 5 0 0.0 3 19 20:53 WNW1036.1 88
---------------------------------------------------------------------------------------
TOT 8.8 13.8 2/12/18 -0.2 14/12/18 191 0 81.8 3 44 8/12/18 WSW1015.9 90
HEAT BASE: 15.0
COOL BASE: 15.0
|
Never base important decisions on this or any weather information obtained from the Internet.
Last modified: January 03 2024 15:31:24.