Clevedon Weather
Personal Weather Station
Live Weather conditions from Clevedon, North Somerset, UK
|
|
MONTHLY CLIMATOLOGICAL SUMMARY FOR 2/2018
HEAT COOL
MEAN DEG DEG WIND SPEED DOM MEAN MEAN
DAY TEMP HIGH TIME LOW TIME DAYS DAYS RAIN AVG HI TIME DIR BAROM HUM
---------------------------------------------------------------------------------------
1 6.4 8.2 13:25 5.6 23:44 9 0 0.0 8 28 8:21 WNW1006.5 78
2 6.7 10.0 15:03 5.2 2:24 8 0 0.0 4 18 3:21 WNW1013.1 78
3 5.8 7.7 12:29 3.8 23:49 9 0 0.8 1 16 12:53 NW1007.7 90
4 4.6 6.3 14:00 2.4 23:34 10 0 0.0 3 19 2:18 ENE1025.4 79
5 3.3 5.2 12:44 2.1 23:02 12 0 0.0 2 16 12:59 ENE1026.7 79
6 2.7 4.1 13:57 1.0 3:00 12 0 0.0 1 15 20:24 NE1019.4 79
7 2.9 6.3 13:46 0.6 6:07 11 0 0.0 1 13 11:23 NW1022.0 74
8 5.9 9.7 14:31 1.3 0:00 8 0 4.0 2 19 22:44 SW1015.3 86
9 5.2 8.2 0:26 1.9 23:59 10 0 0.6 8 31 4:38 WNW1012.7 79
10 6.4 10.4 21:35 0.2 1:14 9 0 3.4 4 40 23:30 SW1009.1 92
11 5.5 8.3 0:00 3.3 23:54 10 0 0.0 11 35 0:15 WNW1006.8 74
12 4.6 7.8 14:39 2.0 7:50 10 0 0.0 3 18 0:28 WNW1013.7 79
13 5.5 8.0 15:24 0.1 23:58 10 0 5.8 5 30 7:01 WNW1000.4 81
14 5.6 10.1 19:46 -0.5 0:46 9 0 3.4 3 25 11:53 WSW1001.1 90
15 6.8 8.9 11:48 3.8 23:53 7 0 2.0 4 30 13:20 WSW1010.0 87
16 5.2 10.2 14:01 0.6 6:22 10 0 0.0 0 10 15:15 SW1023.0 85
17 6.4 10.5 14:33 3.1 5:24 8 0 0.2 1 11 11:48 SW1021.1 88
18 8.4 10.1 15:21 6.1 0:43 7 0 0.2 1 12 10:22 SE1019.9 90
19 9.3 11.7 13:42 7.9 0:00 6 0 0.6 2 14 13:21 WNW1018.3 93
20 9.1 11.7 15:08 7.4 7:36 6 0 0.0 3 21 12:59 NW1023.4 74
21 7.0 8.7 12:11 4.7 23:57 8 0 0.0 2 13 10:50 NE1026.7 80
22 3.6 6.1 11:28 0.3 23:02 11 0 0.0 2 16 13:04 E1023.6 79
23 2.0 6.4 14:25 -1.7 4:57 13 0 0.0 3 19 13:47 E1020.4 76
24 2.5 6.2 15:05 -0.7 5:21 13 0 0.0 4 20 14:21 ENE1021.0 72
25 2.4 6.1 15:53 -0.4 7:38 13 0 0.0 5 19 10:16 ENE1026.7 71
26 0.2 3.1 14:26 -2.0 6:46 15 0 0.0 5 22 10:28 ENE1030.5 66
27 -0.5 3.1 14:23 -3.2 21:58 16 0 0.0 2 17 16:51 ENE1024.6 80
28 -2.3 0.8 13:17 -4.6 21:45 17 0 0.0 6 25 19:52 ENE1015.0 74
---------------------------------------------------------------------------------------
TOT 4.7 11.7 19/2/18 -4.6 28/2/18 285 0 21.0 4 40 10/2/18 WNW1017.3 80
HEAT BASE: 15.0
COOL BASE: 15.0
|
Never base important decisions on this or any weather information obtained from the Internet.
Last modified: January 03 2024 15:31:24.