Clevedon Weather
Personal Weather Station
Live Weather conditions from Clevedon, North Somerset, UK
|
|
MONTHLY CLIMATOLOGICAL SUMMARY FOR 4/2018
HEAT COOL
MEAN DEG DEG WIND SPEED DOM MEAN MEAN
DAY TEMP HIGH TIME LOW TIME DAYS DAYS RAIN AVG HI TIME DIR BAROM HUM
---------------------------------------------------------------------------------------
1 6.3 8.9 15:22 3.0 23:30 9 0 7.0 2 16 21:14 ESE1010.6 78
2 9.9 14.7 16:19 3.1 0:00 5 0 4.8 3 21 14:02 E 995.8 91
3 11.4 14.1 13:29 8.2 23:11 4 0 3.6 2 21 17:13 SW 991.5 85
4 9.7 13.1 14:13 6.3 23:34 5 0 1.4 6 29 23:11 WNW 992.1 86
5 7.8 12.2 15:51 4.4 6:33 7 0 0.0 4 24 0:00 WNW1013.8 70
6 11.1 15.4 12:16 6.2 2:05 4 0 0.0 3 21 9:37 SE1007.8 74
7 10.2 13.6 15:26 8.5 23:52 5 0 4.4 2 17 8:37 WSW1004.7 90
8 9.9 13.3 17:49 7.3 4:02 5 0 0.0 1 11 13:24 ENE1008.2 88
9 9.6 11.0 11:41 7.7 4:24 5 0 5.0 1 14 9:44 E1005.7 93
10 10.5 11.6 16:46 9.3 14:15 4 0 1.4 4 19 13:27 ENE1000.6 93
11 9.3 10.7 3:44 8.3 19:14 6 0 4.6 3 16 0:19 ENE1006.8 94
12 8.3 9.6 15:16 7.2 8:17 7 0 0.2 2 16 10:07 ENE1004.4 94
13 9.5 12.6 14:31 7.4 2:39 5 0 0.0 1 14 15:26 WSW1007.5 89
14 11.6 16.9 17:47 8.3 5:37 4 0 0.0 1 12 13:47 WNW1014.8 85
15 11.4 14.3 16:58 9.6 2:45 4 0 1.6 2 21 12:23 SE1007.1 89
16 11.5 15.0 14:04 7.4 6:38 3 0 0.2 3 19 10:07 SW1011.7 77
17 13.4 15.3 13:42 11.5 0:33 2 0 0.0 4 24 12:43 SW1016.2 81
18 17.9 23.4 14:54 13.1 5:51 0 3 0.0 3 24 16:54 SE1023.6 69
19 14.9 19.2 11:38 10.5 23:58 1 1 0.0 1 13 12:32 SW1023.2 79
20 12.0 17.6 16:43 9.5 5:17 3 0 0.0 1 10 2:16 SW1024.1 90
21 16.2 25.2 16:32 9.7 0:00 2 3 0.2 1 18 21:32 ENE1018.2 75
22 13.9 16.6 1:57 10.6 21:14 1 0 0.0 2 21 15:24 WSW1010.6 80
23 11.6 14.4 16:07 9.9 4:48 3 0 0.0 4 22 12:50 WSW1016.2 84
24 12.1 14.9 15:14 9.7 23:39 3 0 3.8 3 25 20:38 WSW1012.9 91
25 10.9 13.3 14:28 9.0 5:56 4 0 0.2 6 30 19:06 WSW1012.7 84
26 10.7 13.4 16:28 8.6 23:59 4 0 0.8 5 24 0:25 WNW1016.1 78
27 8.8 10.5 17:24 7.4 8:49 6 0 10.8 2 14 14:36 ENE1006.8 91
28 9.1 12.1 16:20 7.2 7:25 6 0 0.4 1 13 9:26 NE1010.7 84
29 8.5 10.9 14:28 6.4 3:30 6 0 0.0 3 20 18:29 ENE1012.3 79
30 9.1 13.7 16:57 5.3 6:03 6 0 0.0 3 22 12:28 NNE1010.0 65
---------------------------------------------------------------------------------------
TOT 10.9 25.2 21/4/18 3.0 1/4/18 131 8 50.4 3 29 25/4/18 WSW1009.9 83
HEAT BASE: 15.0
COOL BASE: 15.0
|
Never base important decisions on this or any weather information obtained from the Internet.
Last modified: January 03 2024 15:31:24.