Clevedon Weather
Personal Weather Station
Live Weather conditions from Clevedon, North Somerset, UK
|
|
MONTHLY CLIMATOLOGICAL SUMMARY FOR 6/2018
HEAT COOL
MEAN DEG DEG WIND SPEED DOM MEAN MEAN
DAY TEMP HIGH TIME LOW TIME DAYS DAYS RAIN AVG HI TIME DIR BAROM HUM
---------------------------------------------------------------------------------------
1 17.9 22.8 15:55 15.6 5:30 0 3 0.0 1 14 14:54 WSW1017.3 89
2 18.1 22.8 16:08 15.6 0:03 0 3 0.0 2 14 0:36 WNW1018.5 79
3 20.1 26.6 15:08 12.3 5:03 0 5 0.0 1 11 14:13 NE1018.1 70
4 19.5 24.0 15:58 16.4 23:49 0 4 0.0 2 22 16:13 ENE1015.9 77
5 15.2 18.7 17:30 13.3 7:37 0 1 0.0 3 15 11:50 ENE1016.8 80
6 17.0 22.7 16:02 10.9 5:34 1 3 0.0 2 18 10:37 ENE1015.5 70
7 16.0 19.1 15:25 13.3 5:18 0 1 2.0 1 14 6:21 ENE1016.3 82
8 16.5 20.3 17:10 13.9 9:28 0 2 0.2 1 11 6:44 ENE1016.7 85
9 18.9 22.6 18:40 15.0 5:34 0 4 0.0 2 14 15:19 ENE1015.4 73
10 19.1 24.9 16:26 14.1 5:37 0 4 0.0 1 12 16:35 ENE1014.3 75
11 20.8 26.4 15:56 15.0 5:20 0 6 0.0 2 18 22:56 ENE1013.6 64
12 17.9 21.8 17:53 13.7 4:46 0 3 0.0 2 18 0:13 ENE1017.0 66
13 17.3 21.6 11:26 13.1 4:51 0 3 0.0 1 21 20:02 WNW1017.3 74
14 17.0 19.4 15:34 15.0 23:52 0 2 0.2 5 28 10:29 WNW1011.9 76
15 16.5 19.8 14:32 14.1 3:30 0 2 0.0 3 21 16:32 WNW1016.8 70
16 15.4 19.6 14:57 12.8 5:37 1 1 0.2 3 25 16:39 SW1013.8 79
17 15.8 18.3 14:38 13.8 5:39 0 1 0.6 3 22 23:16 SW1015.4 85
18 16.9 19.7 17:15 14.7 2:55 0 2 0.0 5 24 18:38 W1019.4 85
19 18.2 22.1 14:42 16.0 4:13 0 3 0.0 3 20 0:16 WNW1022.5 88
20 17.9 20.3 11:09 15.2 23:58 0 3 0.0 3 21 13:18 WNW1020.5 85
21 16.3 21.1 16:42 12.6 6:19 1 2 0.0 3 18 5:51 NW1027.1 55
22 16.3 21.3 14:20 10.4 5:14 1 2 0.0 2 16 16:22 WNW1031.0 62
23 18.1 23.4 14:19 11.2 5:32 1 4 0.0 1 13 16:41 WSW1028.4 61
24 20.0 25.9 15:37 13.3 5:26 0 5 0.0 1 12 13:33 ENE1025.2 53
25 21.5 27.4 13:10 12.6 5:16 0 7 0.0 1 13 13:48 WNW1025.5 56
26 23.7 30.3 15:25 15.4 5:29 0 9 0.0 1 14 17:24 ENE1024.9 52
27 22.6 28.7 16:31 16.0 5:33 0 8 0.0 3 15 8:38 ENE1024.4 54
28 21.4 28.2 17:25 13.7 5:50 0 6 0.0 3 16 15:04 ENE1023.9 62
29 22.1 27.8 18:33 15.6 5:51 0 7 0.0 3 18 12:30 ENE1021.1 59
30 21.3 28.8 17:35 13.3 6:22 0 6 0.0 3 17 1:37 ENE1015.6 59
---------------------------------------------------------------------------------------
TOT 18.5 30.3 26/6/18 10.4 22/6/18 6 112 3.2 2 28 14/6/18 ENE1019.3 71
HEAT BASE: 15.0
COOL BASE: 15.0
|
Never base important decisions on this or any weather information obtained from the Internet.
Last modified: January 03 2024 15:31:24.