Clevedon Weather
Personal Weather Station
Live Weather conditions from Clevedon, North Somerset, UK
|
|
MONTHLY CLIMATOLOGICAL SUMMARY FOR 8/2018
HEAT COOL
MEAN DEG DEG WIND SPEED DOM MEAN MEAN
DAY TEMP HIGH TIME LOW TIME DAYS DAYS RAIN AVG HI TIME DIR BAROM HUM
---------------------------------------------------------------------------------------
1 18.9 23.2 18:03 13.4 5:06 0 4 0.0 1 14 13:25 SW1020.4 70
2 19.7 24.3 17:03 14.4 5:23 0 5 0.0 1 11 12:06 WNW1022.8 80
3 20.5 25.0 14:05 16.7 5:09 0 5 0.0 1 13 14:33 WNW1023.0 86
4 21.4 26.9 14:33 17.9 4:25 0 6 0.0 1 13 14:36 WNW1024.1 80
5 22.1 29.2 16:05 15.8 6:15 0 7 0.0 1 14 15:27 SW1022.2 69
6 20.5 24.4 16:21 17.5 2:54 0 5 0.0 1 14 14:35 WNW1015.5 79
7 19.0 22.4 12:26 16.4 23:57 0 4 0.0 5 23 16:05 WNW1009.2 77
8 17.6 20.4 16:38 15.4 7:51 0 3 2.2 2 17 11:59 WNW1010.9 74
9 17.4 20.9 16:25 14.0 6:34 0 2 0.6 3 23 23:41 WNW1014.2 67
10 15.7 20.7 15:02 11.3 5:33 1 2 9.0 3 24 16:33 WNW1017.7 78
11 15.2 18.4 15:08 9.1 6:10 1 2 5.0 1 18 17:20 SSW1020.0 84
12 17.8 21.7 17:06 16.3 5:55 0 3 9.6 2 18 2:06 SW1008.4 92
13 19.0 22.6 14:29 16.3 3:22 0 4 2.8 3 22 16:26 WNW1008.4 82
14 19.1 21.8 12:40 17.1 5:07 0 4 0.0 3 23 16:45 WNW1016.8 81
15 19.9 23.2 14:14 18.2 2:28 0 5 0.0 2 22 0:45 SW1016.9 81
16 18.0 20.5 14:14 15.1 8:17 0 3 6.8 5 23 4:56 WNW1013.7 77
17 17.3 20.4 13:40 14.6 5:48 0 2 0.0 3 21 18:22 WNW1019.8 77
18 18.9 21.9 16:11 17.0 2:07 0 4 0.0 3 22 13:35 WNW1020.5 86
19 18.8 21.2 14:03 16.8 3:56 0 4 0.2 4 27 10:42 SW1018.8 88
20 19.4 21.8 13:22 18.1 0:32 0 4 1.0 2 21 19:50 WNW1020.2 90
21 18.7 22.3 16:30 16.8 7:07 0 4 0.0 2 14 14:36 WNW1019.5 85
22 19.8 23.2 15:11 17.8 2:44 0 5 0.0 2 18 13:27 WNW1017.1 85
23 17.7 20.5 12:56 15.3 23:48 0 3 1.6 4 28 13:31 WNW1013.8 79
24 14.6 18.6 12:32 12.3 23:19 1 1 2.8 7 26 17:23 WNW1014.6 76
25 15.2 19.3 14:49 12.3 3:21 1 1 0.0 4 21 16:22 WNW1015.7 71
26 15.1 18.5 15:09 11.7 5:02 1 1 9.8 3 24 16:59 WSW1007.9 88
27 16.8 18.3 13:38 15.3 3:48 0 2 0.2 6 24 3:12 WNW1012.5 76
28 16.5 18.7 16:27 14.6 6:14 0 2 0.0 1 11 14:35 WNW1016.7 75
29 16.9 22.1 15:28 13.3 5:22 0 2 0.0 2 18 16:58 WNW1016.8 75
30 15.2 20.1 16:13 9.3 6:19 1 2 0.0 0 12 16:12 NNE1023.5 69
31 16.3 21.8 15:49 9.3 6:40 1 3 0.0 0 12 13:17 WNW1022.7 72
---------------------------------------------------------------------------------------
TOT 18.0 29.2 5/8/18 9.1 11/8/18 9 101 51.6 3 27 19/8/18 WNW1016.9 79
HEAT BASE: 15.0
COOL BASE: 15.0
|
Never base important decisions on this or any weather information obtained from the Internet.
Last modified: January 03 2024 15:31:24.