Clevedon Weather
Personal Weather Station
Live Weather conditions from Clevedon, North Somerset, UK
|
|
MONTHLY CLIMATOLOGICAL SUMMARY FOR 3/2019
HEAT COOL
MEAN DEG DEG WIND SPEED DOM MEAN MEAN
DAY TEMP HIGH TIME LOW TIME DAYS DAYS RAIN AVG HI TIME DIR BAROM HUM
---------------------------------------------------------------------------------------
1 9.5 12.6 14:50 7.0 7:39 5 0 0.0 1 15 21:30 W1017.8 89
2 10.8 13.9 13:30 8.9 22:08 4 0 2.8 4 22 14:28 WSW1008.5 89
3 10.2 13.8 16:16 6.4 23:58 5 0 1.8 6 32 21:07 SW 995.4 87
4 6.8 9.7 15:01 4.3 23:57 8 0 1.6 6 34 16:44 WNW 995.3 84
5 8.1 12.0 13:43 4.0 7:20 7 0 3.2 3 23 22:47 SW1000.0 87
6 10.7 13.8 12:57 7.8 20:09 4 0 5.2 4 23 19:34 SW 985.9 89
7 8.4 10.3 14:05 6.3 7:14 7 0 2.6 8 32 12:24 W 994.7 84
8 7.7 11.0 14:01 3.0 6:34 7 0 1.0 3 19 15:08 SW1009.7 89
9 9.3 11.7 10:45 6.6 23:47 6 0 4.0 6 32 11:56 WSW1013.0 82
10 7.8 10.6 4:29 4.7 21:28 7 0 2.8 12 43 6:38 WNW1010.9 80
11 8.0 11.1 14:05 5.2 4:44 7 0 0.4 8 33 0:33 WNW1023.7 75
12 8.3 11.3 8:40 5.1 12:29 7 0 6.2 9 33 21:31 WSW1005.4 85
13 9.2 11.3 14:34 8.1 0:07 6 0 0.0 12 43 3:35 WNW1011.0 75
14 10.4 12.6 12:57 8.8 0:04 5 0 3.2 9 35 8:07 W1007.8 90
15 10.5 11.3 8:41 9.4 20:31 4 0 0.4 9 35 12:02 WSW1008.9 94
16 10.5 12.6 11:51 7.3 23:35 4 0 3.8 9 36 14:37 WSW1001.2 86
17 7.6 10.2 13:50 5.2 5:50 7 0 0.6 9 34 14:55 WNW1007.4 79
18 8.2 10.2 16:25 6.0 23:54 7 0 0.0 3 21 10:19 WNW1021.4 85
19 9.7 12.8 13:40 6.1 0:00 5 0 0.0 2 19 18:09 W1027.3 90
20 10.2 12.4 14:29 9.3 23:42 5 0 0.2 2 12 12:49 WNW1032.1 91
21 10.9 14.2 15:27 8.7 1:31 4 0 0.0 1 13 13:54 WSW1032.7 91
22 10.9 12.8 13:52 9.7 5:22 4 0 0.0 1 13 11:01 SW1027.9 84
23 10.2 12.9 15:12 7.9 23:17 5 0 0.0 2 15 9:54 ENE1031.5 77
24 9.6 13.3 13:40 5.4 6:32 5 0 0.0 3 21 17:52 WNW1031.4 71
25 9.9 14.2 14:49 5.7 23:08 5 0 0.0 2 22 2:02 WNW1033.0 67
26 8.3 13.4 13:21 2.1 6:10 7 0 0.0 1 13 15:19 WNW1034.7 76
27 8.5 14.1 14:01 1.9 6:08 7 0 0.0 1 13 12:44 SW1035.7 80
28 8.8 14.4 12:46 2.6 5:59 6 0 0.0 1 12 13:30 WNW1035.2 81
29 7.6 13.9 17:06 2.4 5:41 7 0 0.0 1 9 11:48 WNW1028.2 89
30 8.3 13.2 15:08 5.3 6:10 7 0 0.2 0 8 10:47 WNW1021.8 91
31 9.6 12.3 17:19 7.1 6:11 5 0 0.0 3 20 12:20 ENE1023.8 80
---------------------------------------------------------------------------------------
TOT 9.2 14.4 28/3/19 1.9 27/3/19 180 0 40.0 5 42 10/3/19 WSW1016.5 84
HEAT BASE: 15.0
COOL BASE: 15.0
|
Never base important decisions on this or any weather information obtained from the Internet.
Last modified: January 03 2024 15:31:24.