Clevedon Weather
Personal Weather Station
Live Weather conditions from Clevedon, North Somerset, UK
|
|
MONTHLY CLIMATOLOGICAL SUMMARY FOR 6/2019
HEAT COOL
MEAN DEG DEG WIND SPEED DOM MEAN MEAN
DAY TEMP HIGH TIME LOW TIME DAYS DAYS RAIN AVG HI TIME DIR BAROM HUM
---------------------------------------------------------------------------------------
1 18.7 25.8 15:53 11.4 5:06 1 4 0.0 1 14 17:55 SW1018.0 71
2 16.5 18.3 3:16 14.2 23:48 0 2 2.2 2 25 16:49 WSW1009.1 80
3 15.0 17.9 14:27 12.2 23:58 1 1 0.0 2 21 2:52 WSW1011.8 74
4 14.1 17.7 13:00 11.8 5:09 1 0 4.0 1 16 21:50 E1004.4 85
5 14.1 17.2 14:38 11.2 6:14 1 0 0.4 3 19 10:46 WSW1005.3 73
6 13.6 17.7 17:50 9.1 5:30 2 0 5.8 1 17 17:32 SW1008.8 72
7 12.9 17.2 16:31 11.2 4:50 2 0 16.8 2 18 11:51 ENE1001.4 87
8 14.0 16.3 15:12 11.9 2:53 1 0 0.6 7 33 4:19 W1012.0 78
9 13.3 17.1 13:26 9.0 5:01 2 0 1.0 1 13 0:03 SW1019.8 78
10 12.5 18.1 13:08 8.1 4:21 3 0 7.0 1 17 20:53 NNE1016.1 82
11 11.0 11.7 9:27 10.2 23:48 4 0 4.6 6 27 6:51 NE1013.5 89
12 12.3 15.9 15:58 10.1 2:46 3 0 1.6 1 16 0:36 NE1010.3 86
13 13.2 15.9 14:40 11.6 6:14 2 0 10.4 3 19 14:22 SW1004.4 91
14 13.4 16.2 16:50 11.4 3:39 2 0 11.0 1 16 17:57 WNW1007.9 91
15 13.9 16.8 15:42 11.7 3:51 1 0 2.0 1 18 14:12 WNW1010.7 82
16 14.7 18.6 12:50 10.7 2:10 1 1 4.0 2 19 13:52 SW1014.3 86
17 16.8 20.4 12:29 13.9 4:21 0 2 0.0 2 18 14:04 SW1015.8 78
18 14.7 16.9 9:58 11.9 5:27 1 0 2.6 0 8 8:46 W1013.3 89
19 15.6 18.1 16:50 13.8 23:52 0 1 0.2 1 16 22:22 WSW1008.7 88
20 15.4 18.8 14:17 13.3 1:43 1 1 0.0 4 21 18:00 WNW1013.0 77
21 15.7 19.9 13:59 10.8 5:10 1 2 0.0 2 18 9:47 WSW1019.3 72
22 16.4 23.7 16:25 9.1 5:00 1 3 0.0 1 13 17:12 WNW1019.8 69
23 18.1 21.4 19:45 14.3 4:41 0 3 0.2 1 13 10:12 E1015.2 74
24 18.4 21.1 18:06 16.2 23:52 0 3 0.0 1 15 13:17 SW1015.3 84
25 17.5 19.9 17:36 15.6 2:51 0 2 0.2 1 15 18:00 ENE1019.0 92
26 17.1 20.6 16:17 15.1 23:53 0 2 0.0 4 20 15:16 ENE1026.2 88
27 19.0 25.2 16:15 13.1 5:34 0 4 0.0 6 22 18:45 ENE1026.7 70
28 21.0 28.2 16:02 13.1 5:38 0 6 0.0 4 18 7:35 E1021.6 66
29 21.2 28.8 13:07 16.0 23:58 0 6 0.0 2 21 22:23 WSW1014.4 74
30 18.1 21.5 13:41 15.9 0:26 0 3 0.0 4 23 1:10 WNW1016.8 79
---------------------------------------------------------------------------------------
TOT 15.6 28.8 29/6/19 8.1 10/6/19 32 50 74.6 2 32 8/6/19 WSW1013.8 80
HEAT BASE: 15.0
COOL BASE: 15.0
|
Never base important decisions on this or any weather information obtained from the Internet.
Last modified: January 03 2024 15:31:24.