Clevedon Weather
Personal Weather Station
Live Weather conditions from Clevedon, North Somerset, UK
|
|
MONTHLY CLIMATOLOGICAL SUMMARY FOR 11/2019
HEAT COOL
MEAN DEG DEG WIND SPEED DOM MEAN MEAN
DAY TEMP HIGH TIME LOW TIME DAYS DAYS RAIN AVG HI TIME DIR BAROM HUM
---------------------------------------------------------------------------------------
1 14.2 15.9 13:34 11.4 0:15 1 0 3.6 2 21 23:16 SW 996.1 94
2 11.1 13.1 9:28 9.1 23:55 4 0 13.8 7 35 10:05 WSW 978.2 89
3 10.5 14.1 14:40 8.0 3:07 5 0 3.2 2 24 18:42 WSW 980.9 91
4 10.3 13.3 13:25 7.7 7:12 5 0 0.8 1 16 23:44 ENE 982.5 89
5 10.8 13.3 13:15 9.3 4:16 4 0 0.0 2 15 0:35 NNE 999.5 85
6 8.0 10.3 14:49 4.5 5:29 7 0 1.8 0 11 20:03 SSW1002.1 90
7 7.0 9.4 11:50 1.9 23:52 8 0 0.4 3 26 0:49 WNW 993.3 87
8 6.4 10.2 15:02 1.4 3:07 9 0 0.2 1 19 8:10 NNE1007.8 80
9 4.4 7.1 14:21 -0.1 4:35 11 0 6.0 1 12 11:23 E1004.7 92
10 6.7 8.8 14:08 5.2 3:20 8 0 1.6 3 25 5:55 NE1011.0 86
11 8.2 10.3 14:09 6.8 0:34 7 0 1.8 7 30 14:55 WNW1003.2 81
12 8.0 9.4 19:41 6.3 4:45 7 0 0.0 9 36 10:45 WNW1000.7 79
13 7.0 9.1 14:01 3.2 23:58 8 0 6.0 2 24 18:24 WNW 996.5 86
14 4.0 5.4 23:50 2.2 3:00 11 0 16.4 2 22 16:04 NE 995.8 93
15 7.1 8.5 15:44 5.2 1:43 8 0 0.0 2 24 22:21 NNE1005.8 87
16 7.5 9.4 14:52 5.8 22:00 7 0 0.8 1 19 0:37 NE1006.5 85
17 7.2 9.0 13:54 4.6 7:09 8 0 0.4 0 12 22:07 NNE1011.4 91
18 6.0 9.3 14:42 1.3 23:27 9 0 0.2 0 13 12:00 NNE1017.3 86
19 5.9 10.2 15:11 1.1 3:49 9 0 0.0 1 20 22:46 SE1014.2 90
20 8.1 9.8 3:42 5.4 21:13 7 0 0.0 5 22 14:25 ESE1008.2 80
21 6.1 7.6 11:58 4.4 6:39 9 0 1.0 4 20 13:27 E 999.7 90
22 7.8 9.4 19:33 5.8 6:38 7 0 4.6 3 20 18:48 E 991.7 93
23 9.4 10.2 12:55 8.4 0:54 6 0 0.6 3 19 2:09 ENE 992.7 93
24 10.3 11.3 23:10 9.4 3:11 5 0 0.4 0 15 23:03 SE1001.5 94
25 11.7 13.2 13:15 10.1 23:48 3 0 2.8 2 16 3:31 ESE 999.1 93
26 11.8 14.3 12:04 9.4 2:59 3 0 1.0 3 19 12:27 SW 990.8 89
27 10.0 11.6 0:27 8.6 7:38 5 0 3.0 1 15 18:03 W 983.7 94
28 9.2 10.5 12:42 6.8 23:56 6 0 0.6 1 15 21:04 W 997.0 92
29 5.6 7.7 14:29 3.2 20:30 9 0 0.0 1 12 0:43 ENE1015.7 89
30 5.0 7.5 12:31 2.9 5:38 10 0 0.0 4 19 8:57 E1019.1 87
---------------------------------------------------------------------------------------
TOT 8.2 15.9 1/11/19 -0.1 9/11/19 205 0 71.0 2 35 2/11/19 E1000.2 89
HEAT BASE: 15.0
COOL BASE: 15.0
|
Never base important decisions on this or any weather information obtained from the Internet.
Last modified: January 03 2024 15:31:24.