Clevedon Weather
Personal Weather Station
Live Weather conditions from Clevedon, North Somerset, UK
|
|
MONTHLY CLIMATOLOGICAL SUMMARY FOR 5/2019
HEAT COOL
MEAN DEG DEG WIND SPEED DOM MEAN MEAN
DAY TEMP HIGH TIME LOW TIME DAYS DAYS RAIN AVG HI TIME DIR BAROM HUM
---------------------------------------------------------------------------------------
1 12.5 17.5 14:57 9.6 4:54 3 0 0.0 1 15 20:27 WSW1018.2 81
2 11.2 14.3 16:07 6.1 5:26 4 0 0.0 3 21 14:57 WNW1015.5 80
3 10.8 14.4 12:55 6.2 6:17 4 0 0.8 2 20 16:02 WNW1015.2 82
4 9.5 14.1 14:49 4.6 5:09 6 0 0.4 3 19 1:54 NNE1021.0 63
5 9.5 13.5 14:35 3.3 5:52 5 0 0.0 2 19 19:43 WNW1026.3 67
6 9.4 14.3 15:07 3.6 6:08 6 0 0.0 2 19 16:59 WNW1022.4 69
7 11.5 16.6 15:43 7.0 4:43 4 0 0.0 1 13 16:20 ESE1012.7 68
8 11.0 14.2 11:20 9.0 3:49 4 0 6.6 2 19 14:38 E 992.0 88
9 11.1 14.3 15:47 9.8 6:01 4 0 4.2 3 20 12:47 WNW 997.9 87
10 11.5 15.7 17:01 6.2 5:06 4 0 0.0 1 14 0:27 WNW1008.2 77
11 12.3 16.7 15:38 6.8 6:03 3 0 0.0 1 13 12:41 WNW1020.5 72
12 13.3 18.4 15:42 6.3 5:56 3 1 0.0 1 13 16:08 NW1035.1 56
13 14.2 19.6 16:02 8.4 5:38 2 1 0.0 2 16 11:35 E1037.9 55
14 15.0 21.1 16:56 7.7 5:52 2 2 0.0 2 20 13:03 E1032.3 50
15 15.6 21.8 16:12 8.0 5:46 2 2 0.0 1 12 7:48 E1025.2 56
16 14.5 19.7 14:49 9.3 5:31 2 1 0.0 2 14 14:57 E1017.9 57
17 12.1 14.1 18:45 9.3 5:54 3 0 0.6 2 14 9:27 ENE1009.9 79
18 13.7 16.4 17:33 11.5 5:16 1 0 0.0 1 11 17:42 WNW1006.9 74
19 14.2 18.9 15:59 8.3 5:16 2 1 0.0 1 14 13:03 WNW1010.0 78
20 15.4 18.6 15:14 12.2 5:41 1 1 0.0 1 14 16:11 WNW1013.6 71
21 14.9 19.6 15:01 8.8 5:38 1 1 0.0 2 14 13:47 WNW1019.0 69
22 14.5 20.2 16:38 8.3 5:42 2 1 0.0 1 12 14:25 WNW1019.4 68
23 14.5 20.1 14:15 8.6 5:37 2 1 0.0 2 19 20:06 WSW1016.5 72
24 15.3 19.3 12:38 10.1 5:47 1 1 0.0 1 15 17:12 WNW1018.2 79
25 16.1 20.6 12:41 12.3 6:03 1 2 0.0 2 18 16:49 WSW1019.1 81
26 15.0 17.3 17:08 13.5 23:50 0 0 0.2 4 20 14:30 WSW1014.5 88
27 14.3 17.4 14:40 11.6 22:07 1 1 2.0 5 29 20:48 WNW1011.4 78
28 13.8 17.7 14:58 11.1 3:27 2 0 1.0 5 18 0:59 WNW1013.5 72
29 12.4 15.4 17:33 8.0 3:55 3 0 0.0 2 20 21:33 WSW1017.8 86
30 16.7 20.6 16:03 14.1 1:22 0 2 0.0 4 24 18:18 WSW1021.3 83
31 17.2 21.8 18:07 14.3 23:55 0 2 0.0 1 12 12:07 SW1022.8 79
---------------------------------------------------------------------------------------
TOT 13.3 21.8 31/5/19 3.3 5/5/19 75 23 15.8 2 29 27/5/19 WNW1017.2 73
HEAT BASE: 15.0
COOL BASE: 15.0
|
Never base important decisions on this or any weather information obtained from the Internet.
Last modified: January 03 2024 15:31:24.