Clevedon Weather
Personal Weather Station
Live Weather conditions from Clevedon, North Somerset, UK
|
|
MONTHLY CLIMATOLOGICAL SUMMARY FOR 4/2017
HEAT COOL
MEAN DEG DEG WIND SPEED DOM MEAN MEAN
DAY TEMP HIGH TIME LOW TIME DAYS DAYS RAIN AVG HI TIME DIR BAROM HUM
---------------------------------------------------------------------------------------
1 11.4 14.4 13:46 8.6 7:23 4 0 3.0 3 21 3:40 WSW1008.7 84
2 10.2 15.0 14:50 5.9 5:43 5 0 0.0 1 13 12:08 W1022.1 80
3 10.1 16.1 14:56 4.3 5:55 5 0 0.4 1 17 12:28 SW1024.1 84
4 11.7 14.9 15:13 8.7 23:50 3 0 1.0 1 15 12:28 W1026.4 83
5 10.2 14.2 16:40 4.0 5:26 5 0 0.0 1 18 13:46 WSW1032.2 75
6 10.3 14.7 15:04 4.7 6:41 5 0 0.0 1 11 9:48 WNW1031.2 76
7 10.6 16.3 16:29 5.3 6:35 4 0 0.0 1 13 14:48 WNW1027.0 80
8 13.0 21.4 16:26 4.2 5:35 4 2 0.0 1 11 17:33 SE1022.4 74
9 12.9 20.2 12:07 8.3 6:45 3 1 0.0 2 22 16:39 WNW1020.0 79
10 11.8 15.6 16:29 8.5 4:15 3 0 0.0 2 15 4:45 WNW1026.4 68
11 9.9 13.9 15:02 4.8 6:40 5 0 0.0 3 22 17:48 WNW1028.1 77
12 11.3 14.9 16:04 9.1 1:01 4 0 0.0 5 22 8:01 WNW1020.6 79
13 10.3 12.7 13:38 6.1 5:28 5 0 0.0 3 20 19:45 WNW1019.1 76
14 10.5 14.4 15:43 6.1 3:16 4 0 0.0 3 23 15:07 WSW1017.5 83
15 11.0 13.1 14:03 9.7 22:52 4 0 0.0 5 20 15:13 WNW1019.7 74
16 10.9 13.8 13:04 7.2 6:38 4 0 0.0 5 28 14:45 WNW1023.1 83
17 11.9 15.1 11:12 9.7 23:55 3 0 0.0 3 18 3:22 WNW1023.1 77
18 9.7 13.5 16:08 6.0 5:37 5 0 0.0 2 17 10:43 NE1031.3 65
19 10.4 15.6 14:38 6.0 7:09 4 0 0.0 2 14 12:09 WNW1036.0 65
20 10.8 15.2 12:43 7.4 2:10 4 0 0.0 1 13 13:42 SW1035.6 86
21 12.0 16.0 12:52 6.7 6:55 3 0 0.0 1 12 13:46 WNW1032.3 80
22 13.6 18.0 15:32 10.7 23:44 2 0 0.0 1 14 10:12 WNW1029.0 69
23 11.5 16.5 15:22 7.3 2:53 4 0 0.0 1 15 15:23 WNW1026.0 70
24 10.2 14.2 17:03 6.1 3:33 5 0 0.0 3 23 17:22 WNW1017.3 78
25 7.8 12.4 14:19 4.9 23:56 7 0 0.8 3 20 20:11 WNW1015.7 61
26 8.0 13.0 14:36 4.3 4:25 7 0 0.2 2 17 7:01 NE1019.6 65
27 7.9 12.5 15:45 1.6 6:19 7 0 0.2 3 22 20:07 WNW1020.3 77
28 10.6 14.4 14:47 8.6 5:26 4 0 0.0 3 20 15:58 WNW1017.7 73
29 11.4 15.6 17:39 7.7 3:23 4 0 0.0 3 19 19:23 ESE1012.5 65
30 12.2 16.6 12:18 10.6 22:25 3 0 3.2 5 22 7:24 ESE 999.0 74
---------------------------------------------------------------------------------------
TOT 10.8 21.4 8/4/17 1.6 27/4/17 129 3 8.8 2 28 16/4/17 WNW1022.8 75
HEAT BASE: 15.0
COOL BASE: 15.0
|
Never base important decisions on this or any weather information obtained from the Internet.
Last modified: January 03 2024 15:31:24.