Clevedon Weather
Personal Weather Station
Live Weather conditions from Clevedon, North Somerset, UK
|
|
MONTHLY CLIMATOLOGICAL SUMMARY FOR 5/2017
HEAT COOL
MEAN DEG DEG WIND SPEED DOM MEAN MEAN
DAY TEMP HIGH TIME LOW TIME DAYS DAYS RAIN AVG HI TIME DIR BAROM HUM
---------------------------------------------------------------------------------------
1 11.4 16.8 15:40 8.8 5:25 4 0 5.2 2 23 15:59 E1003.5 84
2 13.0 19.8 16:30 7.1 6:33 3 1 0.0 1 14 17:27 ENE1018.9 73
3 11.4 15.1 14:35 8.2 5:43 4 0 0.0 4 23 12:52 ENE1023.2 73
4 12.7 17.4 15:47 9.6 4:03 3 0 0.0 5 22 13:06 ENE1022.5 72
5 12.8 17.4 15:44 8.0 4:49 3 0 0.0 8 25 10:38 E1019.7 65
6 12.5 16.4 14:07 10.1 5:24 3 0 0.0 5 21 6:32 ENE1013.4 73
7 12.5 16.7 15:08 8.6 3:47 3 0 0.0 1 13 11:28 WNW1021.5 78
8 11.9 16.6 16:27 7.6 5:58 3 0 0.0 4 20 12:31 ENE1026.8 67
9 11.3 15.7 16:30 8.0 6:46 4 0 0.0 2 16 14:29 ENE1022.2 64
10 12.8 19.3 15:34 5.4 5:43 3 1 0.0 1 19 12:43 E1007.3 64
11 13.8 20.2 14:24 9.0 5:03 2 1 7.0 1 13 14:46 E 994.9 78
12 14.4 17.9 15:49 12.2 23:39 1 0 3.8 1 19 15:03 SW 995.2 87
13 14.1 18.2 17:01 11.3 7:22 2 1 0.6 2 21 19:25 SW1005.8 77
14 13.9 18.1 14:24 10.5 23:47 1 0 4.2 2 18 9:39 WSW1017.5 80
15 14.3 16.6 12:50 10.6 0:00 1 0 7.2 3 22 12:55 SW1021.1 91
16 15.9 16.8 12:42 14.9 23:52 0 1 5.6 1 18 8:19 SW1021.4 94
17 12.9 14.9 0:21 11.1 18:16 2 0 10.2 1 15 22:25 WNW1016.9 95
18 12.7 16.3 12:51 7.1 5:30 2 0 0.0 3 15 0:16 WNW1012.8 80
19 13.3 17.0 14:02 10.1 6:09 2 0 0.0 3 23 17:45 WNW1012.3 75
20 11.8 14.9 17:45 7.6 4:35 3 0 1.4 2 19 17:11 SW1016.8 84
21 14.3 20.3 17:08 8.1 5:26 2 1 0.2 1 14 11:57 SW1021.6 73
22 16.8 24.3 15:33 11.6 5:01 1 3 0.0 3 21 17:05 E1015.4 73
23 15.6 19.0 16:56 13.6 8:36 0 1 0.0 2 18 1:27 WNW1021.6 88
24 16.9 21.0 16:52 12.8 5:35 0 2 0.0 1 11 10:21 WNW1025.7 84
25 21.2 27.4 16:13 13.6 5:29 0 6 0.0 2 14 11:26 ESE1022.1 71
26 21.9 27.5 14:54 15.1 5:09 0 7 0.0 4 22 16:55 E1015.6 60
27 17.6 19.9 0:00 14.4 23:04 0 3 8.2 4 22 9:21 WNW1012.2 83
28 18.0 22.8 15:35 14.3 0:32 0 3 0.0 1 18 0:16 WNW1017.0 77
29 16.9 19.1 15:40 15.2 23:08 0 2 7.8 1 20 20:58 WNW1011.9 93
30 16.2 19.7 14:49 14.3 7:38 0 1 0.2 4 20 16:05 W1015.9 87
31 17.6 21.8 17:41 14.8 23:57 0 3 0.0 1 11 11:36 SW1021.5 83
---------------------------------------------------------------------------------------
TOT 14.6 27.5 26/5/17 5.4 10/5/17 52 40 61.6 2 24 5/5/17 ENE1015.9 78
HEAT BASE: 15.0
COOL BASE: 15.0
|
Never base important decisions on this or any weather information obtained from the Internet.
Last modified: January 03 2024 15:31:24.