Clevedon Weather
Personal Weather Station
Live Weather conditions from Clevedon, North Somerset, UK
|
|
MONTHLY CLIMATOLOGICAL SUMMARY FOR 4/2019
HEAT COOL
MEAN DEG DEG WIND SPEED DOM MEAN MEAN
DAY TEMP HIGH TIME LOW TIME DAYS DAYS RAIN AVG HI TIME DIR BAROM HUM
---------------------------------------------------------------------------------------
1 9.5 15.8 16:34 4.7 5:28 6 0 0.0 1 15 1:28 ENE1019.3 76
2 7.9 10.7 12:55 4.2 23:57 7 0 3.4 4 31 13:22 WNW1004.8 80
3 3.9 7.7 11:50 -0.3 6:40 11 0 7.4 0 15 15:57 NW 998.9 87
4 6.4 10.8 14:05 3.8 6:07 9 0 5.4 3 19 15:14 SE 990.0 88
5 8.6 10.3 12:43 6.5 3:17 6 0 6.4 4 22 6:17 ESE 998.0 86
6 9.8 13.6 15:54 7.1 7:18 5 0 0.0 3 20 17:33 E1004.3 76
7 10.9 15.5 14:52 7.8 3:47 4 0 0.0 3 16 5:58 ENE1007.4 80
8 11.0 13.9 15:00 9.4 8:22 4 0 0.2 1 15 15:36 ENE1010.2 88
9 9.1 9.8 5:08 6.9 23:57 6 0 2.2 2 15 8:18 ENE1014.1 91
10 8.3 12.6 17:00 5.6 8:27 7 0 0.0 3 18 13:38 ENE1019.9 76
11 7.7 13.1 16:33 1.6 6:26 7 0 0.0 1 13 11:36 ENE1025.5 68
12 8.2 12.3 15:47 3.9 4:27 7 0 0.0 2 14 13:40 E1025.9 67
13 8.3 12.4 15:54 5.1 6:36 7 0 0.0 3 18 13:14 E1025.7 60
14 6.9 10.4 17:56 2.3 6:38 8 0 0.0 4 20 11:30 ESE1023.7 64
15 10.3 15.3 15:11 6.3 5:57 5 0 0.0 6 24 13:42 ESE1016.9 60
16 10.5 13.4 15:59 7.9 8:07 5 0 4.2 0 8 8:28 ENE1015.4 83
17 11.9 17.8 17:25 4.8 5:57 4 1 0.0 1 13 13:44 ENE1018.7 80
18 15.3 21.3 15:47 10.1 7:16 2 2 0.0 2 20 11:32 E1021.8 71
19 16.6 23.8 15:59 10.3 6:42 1 3 0.0 1 13 8:00 ENE1027.8 62
20 17.3 23.7 16:08 11.3 7:01 1 3 0.0 1 12 14:05 ENE1029.4 58
21 16.3 22.1 15:58 8.3 5:41 2 3 0.0 1 12 14:26 WNW1019.5 60
22 16.6 24.1 16:45 9.3 5:54 2 3 0.0 1 13 14:39 E1004.5 60
23 17.8 22.3 15:43 14.1 7:34 0 3 0.0 1 12 14:13 ENE 995.9 65
24 12.9 16.1 0:00 10.1 23:58 2 0 8.2 1 19 14:27 WSW 992.2 81
25 11.0 14.5 10:51 8.6 2:05 4 0 4.8 3 19 6:10 E 996.2 84
26 10.2 12.7 17:10 7.7 4:38 5 0 1.4 2 24 23:47 WSW1006.9 87
27 9.9 12.7 16:19 7.8 18:16 5 0 6.6 12 45 9:15 WNW1011.1 74
28 10.9 14.2 16:32 8.4 5:33 4 0 0.0 5 29 0:23 WNW1021.4 75
29 12.6 16.3 14:39 9.3 0:00 3 0 0.0 1 13 13:12 WNW1024.7 77
30 12.5 18.1 16:48 6.7 4:48 3 0 0.0 0 12 11:43 WSW1023.3 73
---------------------------------------------------------------------------------------
TOT 11.0 24.1 22/4/19 -0.3 3/4/19 139 18 50.2 2 45 27/4/19 E1013.1 75
HEAT BASE: 15.0
COOL BASE: 15.0
|
Never base important decisions on this or any weather information obtained from the Internet.
Last modified: January 03 2024 15:31:24.