Clevedon Weather
Personal Weather Station
Live Weather conditions from Clevedon, North Somerset, UK
|
|
MONTHLY CLIMATOLOGICAL SUMMARY FOR 8/2019
HEAT COOL
MEAN DEG DEG WIND SPEED DOM MEAN MEAN
DAY TEMP HIGH TIME LOW TIME DAYS DAYS RAIN AVG HI TIME DIR BAROM HUM
---------------------------------------------------------------------------------------
1 19.1 23.9 15:00 12.9 5:51 0 4 0.0 1 14 15:47 WNW1017.6 78
2 21.1 26.4 16:15 16.3 6:11 0 6 0.0 0 12 13:06 NE1019.1 72
3 20.2 25.0 14:11 17.2 2:45 0 5 0.0 0 11 12:15 ENE1017.4 75
4 19.2 23.1 13:30 16.1 4:54 0 4 0.0 1 15 14:05 WNW1012.2 79
5 19.4 22.9 15:45 16.9 5:49 0 4 1.0 3 20 11:37 WNW1009.0 74
6 18.3 21.0 12:19 16.4 1:39 0 3 4.2 3 24 19:00 SW1006.5 81
7 17.8 20.8 13:59 15.1 6:30 0 3 13.2 3 19 14:49 WSW1006.4 83
8 19.3 23.3 15:32 14.2 6:13 0 4 2.4 2 20 21:16 ESE1008.0 79
9 19.6 22.2 14:27 17.4 22:41 0 5 3.6 4 25 15:13 SW 997.0 87
10 18.1 20.5 15:12 16.1 7:12 0 3 2.6 7 35 8:59 WSW1002.1 81
11 17.2 19.7 16:39 14.8 6:22 0 2 2.0 3 23 11:59 SW1010.3 82
12 16.2 19.6 16:39 13.0 23:38 0 2 4.4 3 21 16:06 WNW1015.1 76
13 16.1 21.2 15:22 11.2 5:45 1 2 0.2 1 18 17:58 WNW1017.5 77
14 16.7 19.0 17:21 14.1 7:36 0 2 5.6 2 28 23:25 W1010.3 91
15 18.3 21.3 14:09 16.8 4:33 0 3 0.0 5 28 3:49 WNW1013.2 77
16 16.5 18.1 22:48 14.5 1:41 0 2 11.0 2 21 14:19 SW1008.6 91
17 17.7 21.0 14:48 14.8 5:21 0 3 0.4 3 24 15:54 W1003.9 78
18 16.8 20.2 15:15 14.3 5:16 0 2 2.4 4 31 20:31 WSW1004.8 78
19 16.2 19.6 15:44 13.4 2:06 0 1 6.2 4 23 18:08 WSW1013.7 81
20 16.7 20.2 15:37 13.4 2:36 0 2 0.0 2 19 21:57 WNW1022.9 73
21 17.2 22.1 16:14 12.7 6:00 0 3 0.2 1 14 18:29 WNW1025.6 78
22 17.6 22.4 13:37 12.8 6:05 0 3 0.0 2 19 17:55 WNW1024.1 82
23 20.0 25.5 16:46 15.6 6:40 0 5 0.0 1 12 0:24 NW1023.1 76
24 21.2 29.8 15:38 12.6 4:50 0 7 0.0 1 16 15:17 SE1017.5 65
25 20.7 24.7 14:18 17.1 6:12 0 6 0.0 1 11 11:44 WSW1017.0 74
26 18.7 23.4 16:32 16.0 1:51 0 4 0.0 1 13 15:15 WNW1017.8 87
27 18.5 23.9 15:33 15.1 6:09 0 4 0.0 0 11 18:53 W1014.9 86
28 17.0 21.4 12:40 14.4 23:59 0 2 1.0 2 18 18:26 WNW1013.5 85
29 16.5 21.7 14:58 10.6 4:47 1 3 0.0 2 22 16:12 SW1019.1 79
30 18.3 23.3 14:18 14.6 6:30 0 3 0.2 2 16 10:49 SW1019.2 79
31 16.8 19.6 15:23 14.3 3:17 0 2 1.2 3 21 14:20 WNW1012.1 80
---------------------------------------------------------------------------------------
TOT 18.2 29.8 24/8/19 10.6 29/8/19 5 103 61.8 2 33 10/8/19 WNW1013.5 79
HEAT BASE: 15.0
COOL BASE: 15.0
|
Never base important decisions on this or any weather information obtained from the Internet.
Last modified: January 03 2024 15:31:24.